divided by 43140.
95
What is the remainder when 7278342 is divided by 485222?
12
What is the remainder when 13295384 is divided by 1661921?
16
Calculate the remainder when 6665234 is divided by 635.
274
Calculate the remainder when 36120 is divided by 11661.
1137
What is the remainder when 1544973 is divided by 15765?
3
What is the remainder when 10422584 is divided by 92?
88
What is the remainder when 477596 is divided by 2229?
590
What is the remainder when 2477581 is divided by 2523?
2518
Calculate the remainder when 42497 is divided by 13624.
1625
Calculate the remainder when 520897 is divided by 1593.
1579
What is the remainder when 84093161 is divided by 22?
9
Calculate the remainder when 692189 is divided by 86523.
5
Calculate the remainder when 1516799 is divided by 79.
78
Calculate the remainder when 48029 is divided by 11303.
2817
Calculate the remainder when 6882768 is divided by 73.
36
Calculate the remainder when 40604 is divided by 2172.
1508
What is the remainder when 1221141 is divided by 10903?
5
What is the remainder when 7028 is divided by 6281?
747
Calculate the remainder when 834384 is divided by 185.
34
What is the remainder when 482149 is divided by 615?
604
What is the remainder when 1769096 is divided by 26?
4
Calculate the remainder when 433416 is divided by 341.
5
Calculate the remainder when 97039 is divided by 15402.
4627
What is the remainder when 4761395 is divided by 18?
17
Calculate the remainder when 2085968 is divided by 57.
53
Calculate the remainder when 290834 is divided by 5806.
534
What is the remainder when 541271 is divided by 90210?
11
Calculate the remainder when 3417702 is divided by 294.
246
What is the remainder when 415432580 is divided by 294?
290
What is the remainder when 4933520 is divided by 123?
113
Calculate the remainder when 230937 is divided by 13803.
10089
Calculate the remainder when 160387 is divided by 160175.
212
Calculate the remainder when 3562243 is divided by 73.
62
Calculate the remainder when 18150775 is divided by 9075382.
11
Calculate the remainder when 1775140 is divided by 2731.
2721
Calculate the remainder when 1762892 is divided by 7566.
14
What is the remainder when 3081855 is divided by 23?
16
Calculate the remainder when 168001272 is divided by 192662.
8
Calculate the remainder when 452742 is divided by 452672.
70
What is the remainder when 357077 is divided by 212?
69
What is the remainder when 3955550 is divided by 68?
58
What is the remainder when 1534291 is divided by 1058?
191
What is the remainder when 1510314 is divided by 19116?
150
What is the remainder when 24350 is divided by 2091?
1349
What is the remainder when 176464 is divided by 381?
61
Calculate the remainder when 3729852 is divided by 3345.
177
What is the remainder when 29972123 is divided by 1274?
1273
Calculate the remainder when 12875622 is divided by 332.
330
What is the remainder when 15288414 is divided by 2321?
2308
What is the remainder when 70864 is divided by 1587?
1036
Calculate the remainder when 190241 is divided by 615.
206
Calculate the remainder when 14675208 is divided by 110.
108
Calculate the remainder when 114918 is divided by 56983.
952
Calculate the remainder when 630045 is divided by 48.
45
Calculate the remainder when 1241370 is divided by 413767.
69
What is the remainder when 4605764 is divided by 75504?
20
Calculate the remainder when 85782 is divided by 4509.
111
Calculate the remainder when 777023 is divided by 274.
233
What is the remainder when 7131850 is divided by 117?
115
Calculate the remainder when 842799 is divided by 60197.
41
What is the remainder when 6036568 is divided by 323?
21
Calculate the remainder when 1190360 is divided by 936.
704
What is the remainder when 23828 is divided by 23645?
183
What is the remainder when 4890569 is divided by 496?
9
What is the remainder when 5109 is divided by 439?
280
What is the remainder when 18811753 is divided by 9405816?
121
Calculate the remainder when 5426975 is divided by 2.
1
Calculate the remainder when 85417770 is divided by 349.
20
What is the remainder when 1938346 is divided by 323055?
16
What is the remainder when 5349707 is divided by 15112?
59
Calculate the remainder when 47202158 is divided by 29.
18
What is the remainder when 78510 is divided by 200?
110
Calculate the remainder when 1066284 is divided by 1006.
930
What is the remainder when 65698553 is divided by 8?
1
What is the remainder when 398390 is divided by 193?
38
What is the remainder when 85760306 is divided by 423?
17
Calculate the remainder when 60585 is divided by 462.
63
What is the remainder when 4590748 is divided by 26383?
106
What is the remainder when 229966 is divided by 229950?
16
What is the remainder when 1814445 is divided by 91?
87
What is the remainder when 2245723 is divided by 748259?
946
What is the remainder when 35728811 is divided by 134?
123
What is the remainder when 4753342 is divided by 63?
55
What is the remainder when 1897419 is divided by 181?
177
What is the remainder when 18525995 is divided by 295?
290
What is the remainder when 36487 is divided by 458?
305
What is the remainder when 10139328 is divided by 919?
1
Calculate the remainder when 19423986 is divided by 930.
6
Calculate the remainder when 51577535 is divided by 306.
11
What is the remainder when 62742043 is divided by 886?
839
Calculate the remainder when 1590138 is divided by 43.
41
What is the remainder when 29766892 is divided by 61?
51
Calculate the remainder when 145453 is divided by 4091.
2268
Calculate the remainder when 546403 is divided by 4892.
3391
What is the remainder when 2823555 is divided by 78432?
3
What is the remainder when 282349 is divided by 7225?
574
What is the remainder when 5983759 is divided by 854822?
5
What is the remainder when 89754257 is divided by 26?
21
Calculate the remainder when 347008533 is divided by 20.
13
What is the remainder when 189286 is divided by 94497?
292
Calculate the remainder when 76511 is divided by 191.
111
Calculate the remainder when 51658241 is divided by 1225.
1216
What is the remainder when 8721554 is divided by 4269?
4256
What is the remainder when 1104387 is divided by 340?
67
Calculate the remainder when 1492201 is divided by 2483.
2401
Calculate the remainder when 10276037 is divided by 734001.
23
Calculate the remainder when 2975676 is divided by 2009.
347
What is the remainder when 251631 is divided by 365?
146
Calculate the remainder when 97025 is divided by 1587.
218
What is the remainder when 350923445 is divided by 3219481?
16
What is the remainder when 1606308 is divided by 6275?
6183
What is the remainder when 6663144 is divided by 1737?
12
What is the remainder when 16163020 is divided by 3587?
3585
Calculate the remainder when 305301 is divided by 152266.
769
What is the remainder when 1380877 is divided by 3108?
925
Calculate the remainder when 34463 is divided by 5603.
845
What is the remainder when 115894 is divided by 38516?
346
What is the remainder when 679647 is divided by 6355?
6017
What is the remainder when 815748 is divided by 170?
88
Calculate the remainder when 270087 is divided by 4183.
2375
Calculate the remainder when 165809 is divided by 2643.
1943
What is the remainder when 3446575 is divided by 6590?
5
Calculate the remainder when 6248950 is divided by 1688.
1662
What is the remainder when 119638591 is divided by 31?
12
Calculate the remainder when 148132 is divided by 18443.
588
What is the remainder when 344324594 is divided by 77?
75
Calculate the remainder when 44011 is divided by 42878.
1133
What is the remainder when 144627 is divided by 48129?
240
What is the remainder when 3739289 is divided by 1192?
1177
What is the remainder when 818933 is divided by 1619?
1338
What is the remainder when 14012341 is divided by 344?
189
Calculate the remainder when 72360926 is divided by 568.
566
What is the remainder when 24299716 is divided by 1349983?
22
Calculate the remainder when 1445921 is divided by 121.
92
Calculate the remainder when 73476 is divided by 240.
36
What is the remainder when 3187 is divided by 1173?
841
What is the remainder when 20641944 is divided by 2293543?
57
Calculate the remainder when 10238143 is divided by 123350.
93
Calculate the r